f 10276334?
2
What is the hundred thousands digit of 581093?
5
What is the units digit of 1085762?
2
What is the units digit of 18961105?
5
What is the hundreds digit of 137846?
8
What is the millions digit of 3019874?
3
What is the units digit of 4601431?
1
What is the hundred thousands digit of 873093?
8
What is the hundreds digit of 1083678?
6
What is the tens digit of 249223?
2
What is the ten thousands digit of 982539?
8
What is the tens digit of 762620?
2
What is the hundreds digit of 211361?
3
What is the units digit of 372379?
9
What is the ten thousands digit of 105028?
0
What is the thousands digit of 15029644?
9
What is the thousands digit of 821944?
1
What is the hundred thousands digit of 334601?
3
What is the units digit of 18796168?
8
What is the hundred thousands digit of 1060574?
0
What is the ten millions digit of 11230745?
1
What is the units digit of 1349931?
1
What is the tens digit of 835213?
1
What is the ten thousands digit of 687534?
8
What is the hundreds digit of 7513676?
6
What is the units digit of 9350288?
8
What is the tens digit of 251535?
3
What is the ten millions digit of 11315426?
1
What is the ten thousands digit of 750578?
5
What is the millions digit of 7222979?
7
What is the tens digit of 11719716?
1
What is the ten thousands digit of 20057101?
5
What is the tens digit of 3621294?
9
What is the units digit of 11526184?
4
What is the ten thousands digit of 958346?
5
What is the tens digit of 8111472?
7
What is the hundred thousands digit of 12013508?
0
What is the units digit of 141811?
1
What is the ten thousands digit of 173491?
7
What is the ten thousands digit of 1763673?
6
What is the ten thousands digit of 1882742?
8
What is the thousands digit of 2625137?
5
What is the hundreds digit of 110374?
3
What is the hundreds digit of 12664339?
3
What is the thousands digit of 10975792?
5
What is the ten thousands digit of 313370?
1
What is the units digit of 13554?
4
What is the hundred thousands digit of 1315616?
3
What is the hundred thousands digit of 183581?
1
What is the ten thousands digit of 6046542?
4
What is the thousands digit of 3983?
3
What is the ten thousands digit of 3458157?
5
What is the millions digit of 1433623?
1
What is the thousands digit of 150910?
0
What is the thousands digit of 119923?
9
What is the thousands digit of 654254?
4
What is the units digit of 1512649?
9
What is the tens digit of 28515?
1
What is the units digit of 751981?
1
What is the units digit of 567542?
2
What is the units digit of 13619239?
9
What is the tens digit of 98891?
9
What is the units digit of 241088?
8
What is the ten thousands digit of 2328454?
2
What is the millions digit of 1730391?
1
What is the thousands digit of 74237?
4
What is the thousands digit of 29239588?
9
What is the hundreds digit of 1597842?
8
What is the units digit of 65582?
2
What is the units digit of 931562?
2
What is the ten thousands digit of 7383483?
8
What is the ten thousands digit of 38856659?
5
What is the hundred thousands digit of 165137?
1
What is the units digit of 207490?
0
What is the tens digit of 2393283?
8
What is the units digit of 300762?
2
What is the hundreds digit of 8727383?
3
What is the ten thousands digit of 1534950?
3
What is the thousands digit of 7085552?
5
What is the thousands digit of 138372?
8
What is the thousands digit of 508898?
8
What is the ten thousands digit of 4746932?
4
What is the thousands digit of 346099?
6
What is the ten thousands digit of 4835792?
3
What is the thousands digit of 1561103?
1
What is the hundreds digit of 971388?
3
What is the hundreds digit of 807296?
2
What is the tens digit of 2846929?
2
What is the millions digit of 16952705?
6
What is the units digit of 165294?
4
What is the units digit of 42069?
9
What is the tens digit of 2648822?
2
What is the tens digit of 1208921?
2
What is the hundred thousands digit of 4348507?
3
What is the tens digit of 289130?
3
What is the millions digit of 7923674?
7
What is the hundreds digit of 194738?
7
What is the ten thousands digit of 546415?
4
What is the ten thousands digit of 328599?
2
What is the units digit of 30670?
0
What is the ten thousands digit of 5390636?
9
What is the tens digit of 6534595?
9
What is the tens digit of 1223074?
7
What is the tens digit of 736389?
8
What is the units digit of 2797914?
4
What is the tens digit of 2693852?
5
What is the thousands digit of 9778675?
8
What is the units digit of 82799?
9
What is the tens digit of 61137?
3
What is the millions digit of 1386098?
1
What is the units digit of 566433?
3
What is the tens digit of 695460?
6
What is the ten thousands digit of 1001223?
0
What is the tens digit of 12150182?
8
What is the ten millions digit of 17901986?
1
What is the units digit of 321546?
6
What is the units digit of 2355058?
8
What is the units digit of 1179858?
8
What is the millions digit of 3458178?
3
What is the hundreds digit of 456617?
6
What is the hundred thousands digit of 287928?
2
What is the thousands digit of 15259025?
9
What is the hundred thousands digit of 882858?
8
What is the millions digit of 7610033?
7
What is the tens digit of 1074542?
4
What is the hundred thousands digit of 237852?
2
What is the millions digit of 3248839?
3
What is the thousands digit of 140857?
0
What is the units digit of 857776?
6
What is the tens digit of 17520?
2
What is the ten thousands digit of 190587?
9
What is the hundred thousands digit of 876423?
8
What is the tens digit of 5512247?
4
What is the hundred thousands digit of 1795942?
7
What is the hundred thousands digit of 866065?
8
What is the ten thousands digit of 26628806?
2
What is the units digit of 2940174?
4
What is the ten millions digit of 12966889?
1
What is the units digit of 8144?
4
What is the tens digit of 115291?
9
What is the ten thousands digit of 300656?
0
What is the hundreds digit of 187338?
3
What is the thousands digit of 46308?
6
What is the millions digit of 3097159?
3
What is the units digit of 18384?
4
What is the hundreds digit of 2026005?
0
What is the ten thousands digit of 1603682?
0
What is the tens digit of 1419780?
8
What is the millions digit of 10188865?
0
What is the tens digit of 2034313?
1
What is the ten thousands digit of 2297800?
9
What is the hundred thousands digit of 9547680?
5
What is the ten thousands digit of 1788330?
8
What is the hundreds digit of 197145?
1
What is the hundreds digit of 6240623?
6
What is the thousands digit of 19796574?
6
What is the units digit of 553948?
8
What is the millions digit of 2109165?
2
What is the thousands digit of 561596?
1
What is the ten thousands digit of 7385195?
8
What is the hundreds digit of 308987?
9
What is the thousands digit of 13051273?
1
What is the thousands digit of 147765?
7
What is the millions digit of 2785125?
2
What is the units digit of 5578766?
6
What is the hundreds digit of 6776504?
5
What is the ten thousands digit of 198559?
9
What is the hundred thousands digit of 254914?
2
What is the millions digit of 8914346?
8
What is the hundred thousands digit of 477995?
4
What is the thousands digit of 1312805?
2
What is the millions digit of 3979154?
3
What is the hundreds digit of 1320528?
5
What is the hundred thousands digit of 4202604?
2
What is the thousands digit of 5453700?
3
What is the hundred thousands digit of 712676?
7
What is the hundreds digit of 19117835?
8
What is the hundreds digit of 5920885?
8
What is the tens digit of 466183?
8
What is the tens digit of 6246649?
4
What is the hundred thousands digit of 9477721?
4
What is the millions digit of 2993084?
2
What is the thousands digit of 16675031?
5
What is the ten thousands digit of 40040?
4
What is the tens digit of 82292?
9
What is the thousands digit of 17142620?
2
What is the hundreds digit of 174624?
6
What is the ten thousands digit of 5042349?
4
What is the hundred thousands digit of 407829?
4
What is the hundred thousands digit of 782759?
7
What is the ten millions digit of 10671403?
1
What is the millions digit of 1519113?
1
What is the ten thousands digit of 132441?
3
What is the tens digit of 279275?
7
What is the thousands digit of 148702?
8
What is the units digit of 979072?
2
What is the millions digit of 10923477?
0
What is the hundred thousands dig